hat is the units digit of (-66)/j + (-2)/6?
7
Suppose -105 = -3*v - 2*v. Suppose 3*a - 30 = v. What is the tens digit of a?
1
Let z = -16 + 40. Suppose a = -a + z. What is the units digit of a?
2
Suppose 0 = -3*c + 5*c - 60. What is the tens digit of c?
3
Let r(o) = -o**3 - 9*o**2 + 2. Suppose 2*x + 2*w + 6 = -2*x, 4*x - w + 9 = 0. Let l = x - 7. What is the units digit of r(l)?
2
Let v = 2 - 2. Let g = -27 - -19. Let a = v - g. What is the units digit of a?
8
Let a = 266 + -156. What is the tens digit of a?
1
Suppose -5*u + 44 + 61 = 0. Suppose 5*f + u = s + 3*s, 3*f = -3*s + 9. Let j(q) = -4*q**3 - 2*q**2 + 1. What is the units digit of j(f)?
3
Let d(s) = 11*s. What is the units digit of d(2)?
2
Suppose 25 = -4*f - f, -170 = -5*a + 2*f. What is the tens digit of a?
3
Let a(r) = -r**3 - 5*r**2 + 7*r + 7. Let n be a(-6). Suppose n = -3*y + 10. Let g(z) = z. What is the units digit of g(y)?
3
Let f be 2*1/(-2) - -12. Let h be 27/(-2)*16/(-12). Let l = h - f. What is the units digit of l?
7
Suppose 1 - 15 = -2*j. Suppose i - j = 1. Suppose 3*s + 0*x = -5*x - i, -4*s = 4*x. What is the units digit of s?
4
Suppose -x = 18 - 72. Suppose 22 = 2*r + 2*t, 0*r - x = -4*r + t. What is the units digit of r?
3
Let j = 103 + -62. What is the tens digit of j?
4
Let w(k) = -k**2 + 2*k - 3. Let c be w(3). Let t(s) = s + 12. What is the units digit of t(c)?
6
Suppose 2*l + 0*l = 8. Suppose l*q - 8 + 43 = 3*y, -3*q - 22 = 2*y. What is the units digit of 6/(2/(q/(-2)))?
2
Let j = 5 - 6. What is the tens digit of 8/(-2) + (j - -33)?
2
What is the tens digit of 1010/30 + 1/3?
3
What is the hundreds digit of (412/10)/(-7 - 296/(-40))?
1
Suppose 0 = 4*y - 12, 4*y + 90 - 3 = 3*r. What is the tens digit of r?
3
Suppose -3*h = -h - 8. Let x be ((-2)/(-4) - 0)*2. Let g = x + h. What is the units digit of g?
5
Let g(x) be the second derivative of x**3 + 5*x**2 - 4*x. What is the tens digit of g(6)?
4
Let x = -517 + 923. What is the hundreds digit of x?
4
Let a(d) = d + 7. Let u be a(-5). Suppose -u*g = 3*g + 10. What is the units digit of g/((-10)/8 + 1)?
8
Suppose -4 = g + 24. Let w = g + 45. What is the units digit of w?
7
Let i(o) = 5*o**3 + o + 1. Let g be i(-1). Let b = g - -8. Suppose 2*a = 25 - b. What is the units digit of a?
1
Suppose 685 = 23*v - 18*v. What is the units digit of v?
7
Suppose -2*p + 258 = -118. What is the hundreds digit of p?
1
Suppose d - 18 = 43. What is the tens digit of d?
6
Suppose -3*s + 0 + 3 = 0, 3*s + 13 = 4*w. Suppose 2*n - 5 = -3*n. Suppose 2*c + h - 23 = -n, w*c - 4*h = 68. What is the units digit of c?
3
Let q be 271/3 + (-4)/12. Suppose -2*p + q = p. What is the tens digit of p?
3
Let z be 10 + -2 - (-2 - -2). Suppose 4*l - 32 = g - 5*g, -2*g - z = -4*l. What is the units digit of g?
4
What is the units digit of (-513)/(-6) + (-9)/(-6)?
7
Let r = -28 + 14. Let n = r + 34. What is the tens digit of n?
2
Let i = 8 + -10. Let q be (2/i)/(6/18). Let v(d) = -6*d - 2. What is the tens digit of v(q)?
1
Let u be (-1)/(-2 - 147/(-75)). Let v = 15 + u. What is the units digit of v?
0
What is the hundreds digit of (6 + -5)*239 - (2 + -1)?
2
Let d(q) = -3 - q**2 + 2*q - 6*q + 2*q - 4*q. Let r be d(-5). Suppose -2*s + 2 = -3*t, 5*s - 7 + r = -2*t. What is the units digit of s?
1
Let q be -3 - (-1 + 0) - -51. Suppose 18 = w + d, 5*w - 9 = 3*d + q. What is the units digit of w?
4
Let m = -223 - -388. What is the units digit of m?
5
Let k be -3 + (2 + -34)/(-4). Let p(r) = -r**2 + 7*r + 3. What is the units digit of p(k)?
3
Suppose 2*o - 13 = -j, -22 = -5*o - 2*j + 3*j. Let r be 2/(((-30)/(-27))/o). Suppose r + 1 = 2*n. What is the units digit of n?
5
Let r(f) = -f**2 + 11*f - 14. What is the tens digit of r(6)?
1
Let b = -50 - -90. What is the tens digit of b?
4
Let g(n) be the second derivative of n**7/1260 - n**6/240 - n**5/40 - n**4/12 + 4*n. Let b(o) be the third derivative of g(o). What is the units digit of b(4)?
7
Let r(n) be the second derivative of -n**3/6 + 3*n**2/2 - 3*n. Let z be r(5). What is the units digit of (3/(-1))/(z/2)?
3
Let h(w) = -4*w. Let m(v) = v. Let r(t) = -h(t) - 3*m(t). What is the units digit of r(3)?
3
Let y(t) = -3*t**3 + 2*t**2 + t + 2. Let o be y(2). Let p = o - -8. Let x = -3 - p. What is the units digit of x?
1
Let m be 1/(-2)*0 + 10. Let x(i) = 2*i + 12. Let l be x(m). Suppose 0 = 3*n + n - l. What is the units digit of n?
8
Let j(b) = 6*b**2 - 11*b - 5. What is the units digit of j(5)?
0
What is the hundreds digit of 1/(4/(-38))*(33 - 59)?
2
Let i be 2/(2*1/(-2)). Let u be (-2)/((-1 - i)/1). What is the units digit of u/2*(-9)/3?
3
Let j(c) = 5*c. Let o be j(-4). Let t be 1116/(-10) + (-12)/o. What is the tens digit of t/(-6) - (-1)/2?
1
Let q(l) = -l**2 - l. Let a(t) = 4*t - 2. Let i(h) = a(h) - 3*q(h). What is the units digit of i(-5)?
8
Let r(t) = 3*t - 3. Let g be r(5). What is the units digit of -4*(-3)/g + 18?
9
Let z(f) = 2*f**2 + 11*f + 9. What is the units digit of z(-9)?
2
Suppose -4*u = 5*t - 8, -2*t - 8 = -6*u + 2*u. Suppose -u*q = -q. Let g = 3 - q. What is the units digit of g?
3
Suppose 0 = 3*l - 0*l. Suppose l = 7*q - 4*q - 9. Suppose q*u + u = 20, -n + 39 = 5*u. What is the tens digit of n?
1
Let g = 9 + -4. Suppose -28 = -p + 2*o + 2*o, -g*o = 5*p - 240. What is the tens digit of p?
4
Suppose -5*x + 6*x = 76. What is the units digit of x?
6
Let z = -24 + 58. Suppose 12 + z = q + 5*m, -94 = -3*q - 4*m. What is the units digit of q?
6
Suppose t + 4*t - 70 = 0. Let b = 22 - t. What is the units digit of b?
8
Let o(k) = -1 + k**3 + 2*k - k**2 + 9*k + 0*k**3 - 9*k**2. What is the tens digit of o(9)?
1
Let c(g) = -g**2 + 7*g - 13. Let a be c(9). Let p = a + 82. What is the tens digit of p?
5
Suppose -11 + 331 = 5*g. Suppose 3*a = -a + g. What is the units digit of a?
6
Suppose -10*i = -12*i + 32. What is the units digit of i?
6
Let i(x) = x**3 + 12*x**2 - 3*x - 14. What is the hundreds digit of i(-11)?
1
Let m(n) = -3*n**2 + 39*n - 54. Let f(a) = -a**2 + 13*a - 18. Let h(w) = 8*f(w) - 3*m(w). What is the units digit of h(12)?
6
Suppose -3*s = -s - 8. Suppose -2*z = 2*z - s. What is the units digit of z?
1
Suppose -3*v - 4*x = -114, 3*x = v - 2*x - 38. What is the tens digit of v?
3
Let l(v) = 12*v**3 + v - 1. Let b be l(1). Suppose 5*k + 8 + b = 0. Let s = k - -6. What is the units digit of s?
2
Let t(d) = d. Suppose 0 = -0*c - 2*c + 8. What is the units digit of t(c)?
4
Let t(h) = 27*h - 48. What is the hundreds digit of t(12)?
2
Let o = 8 - 5. Suppose 0 = d - 18 - 4. Let h = d - o. What is the tens digit of h?
1
Suppose -78 = -3*p + 39. Let t = p - 25. What is the units digit of t?
4
Suppose 3*s + s + 12 = 0. What is the units digit of (2*8)/(s/(-6))?
2
Let v(z) be the first derivative of 3*z**4/2 - z**3/3 + z**2 - z - 6. What is the units digit of v(1)?
6
Suppose 3*w = -2*h + 6*h - 104, 0 = -4*w + 16. What is the tens digit of h?
2
Let y(q) = 2*q. Let t be y(4). Suppose r - 11 = 6*u - 2*u, -5*r - t = u. What is the units digit of (1 + -2 + r)*-3?
6
Suppose -3*l = -0*g + g - 15, 10 = -5*l. What is the units digit of g?
1
Let q = 325 + -28. What is the hundreds digit of q?
2
Let i = -23 + 41. Let k = -13 + i. What is the units digit of k?
5
Let g(i) = -i**2 - 12*i + 12. What is the tens digit of g(-10)?
3
Let x(n) = 2*n**2 - 6*n - 12. What is the units digit of x(6)?
4
Let t = 5 + -1. Suppose -4*m = -5*l + 59, t*m + 16 = 4*l - 32. What is the units digit of l?
1
Suppose 4*m + 2*f = 7*f + 341, 2*f = 2*m - 172. What is the units digit of m?
9
Suppose 696 = -3*y + 4*y - 4*p, 0 = -y + 3*p + 691. What is the tens digit of y/36 + 2/9?
1
Let z(b) = 6*b + 7. What is the units digit of z(10)?
7
Suppose 6*i - 72 = 2*i. What is the units digit of i?
8
Let x be 15/2*44/5. Suppose 18 = -2*t + x. What is the units digit of t?
4
Let n be -1*(-1)/(-1)*5. Let k = 5 - n. What is the tens digit of k?
1
Suppose p - m = 11, -p + 5*p - 5*m - 48 = 0. Let c = p + 12. What is the tens digit of c?
1
Let r be (12 - 6)/((-1)/(-1)). Let o be 6*(2 + 1)/r. Suppose 2*m = -o + 5. What is the units digit of m?
1
Let u = 24 + -14. Let k be (4/u)/(3/(-165)). Let j = 31 + k. What is the units digit of j?
9
Let c = 909 - 562. What is the tens digit of c?
4
Suppose -4*k + 5*k - 18 = -2*a, 4*k + 3*a - 62 = 0. Let y = -8 + k. What